3 - 10. Let m(v) be the third derivative of c(v). Determine m(-4).
-4
Let l be (4 - (-26)/(-4))/((-10)/20). Let i(y) = y + 5. Let d(g) = 3*g + 9. Let h(k) = 2*d(k) - 5*i(k). What is h(l)?
-2
Suppose -3*w + 84 = 96. Let o(r) = -r**3 - 7*r**2 - 4*r. Calculate o(w).
-32
Let s(b) = -b - 4. Let d = -30 + 158. Let h = -128 + d. Give s(h).
-4
Let a(m) = m**3 - 9*m**2 + 9*m - 8. Let b(x) = 3*x - 19. Let w be b(10). Let g = 19 - w. Calculate a(g).
0
Let f(u) = 56 + 3*u + 5*u**2 - 8*u + u - 51 - u**3. Determine f(4).
5
Let p(l) be the third derivative of -l**5/60 - 5*l**4/24 + l**3 + 3*l**2 + 6*l. What is p(-6)?
0
Let y(f) = f**2 - 9*f + 12. Let g be y(6). Let j(t) = t**2 + 7*t - 2. Determine j(g).
-8
Let r(q) = 3*q**2 + 5*q + 4. Suppose 2*v + 480 = 474. Calculate r(v).
16
Let i = -31 - -34. Let q(d) be the second derivative of -d**6/240 - d**5/30 - d**4/12 + 4*d. Let g(y) be the third derivative of q(y). What is g(i)?
-13
Let p(c) = c**3 - 4*c**2 - 5. Let o be (-16)/28 + 273/49. Determine p(o).
20
Suppose c + 0 - 6 = 0. Let q(b) = -3*b**2 + 19*b + 26. Let u(v) = -v**2 + 6*v + 8. Let r(w) = -2*q(w) + 7*u(w). What is r(c)?
-8
Let g(c) = -2*c + 3. Suppose 17 = -2*l + 3*t, -4*l + t = 8 + 41. Let f = 16 + l. Suppose 4 + 11 = f*d. Determine g(d).
-7
Suppose -2*o = -3*d - 12, -2*d + d = 0. Let b(m) = o + 3*m - 6*m + 4*m. Suppose 16*s - 10*s = 0. Determine b(s).
6
Let w(u) be the third derivative of -u**6/120 + u**5/60 + u**4/24 + u**3/6 - 71*u**2. Suppose -3*r + r = 0. Suppose 0 = -s - r + 2. Calculate w(s).
-1
Let p(g) be the first derivative of -g**3/3 + 4*g**2 - 5*g - 31. Let l be p(8). Let y(j) = j**2 + 4*j + 1. Give y(l).
6
Let b(f) = f + 3. Suppose 8*a = a - 672. Let q = -105 - a. Give b(q).
-6
Suppose 0*u = -18*u + 72. Let i = 3 - -2. Let x(d) = 0 + i - 1 - 3*d + u*d. Give x(-6).
-2
Let t(g) = -2158*g**2 + g**3 + 2153*g**2 + 5*g + 0*g**3 + 2. Let k(o) = -o**2 - 4*o + 3. Let f be k(-4). Suppose 0 = -6*u + f*u + 12. Calculate t(u).
6
Let z(w) = -w**3 + 4*w**2 + 2*w - 3. Let x(m) = 10*m**2 + 2*m. Let b be x(-1). Suppose 0*u = -2*u + 2*h + 8, 3*h - b = -2*u. Calculate z(u).
5
Let f(u) = 2*u**3 - 14*u**2 + 13*u - 25. Let s(k) = k**3 - 2. Let r(b) = -f(b) + 3*s(b). Determine r(-15).
-11
Let w be (-50)/(-475) + (177/19)/(-3). Let a(t) = -5*t + 2. Calculate a(w).
17
Suppose -18*x + 14*x = -16. Suppose 0*q = -x*q + 72. Let p = q - 14. Let w(g) = -g**3 + 3*g**2 + g + 5. Calculate w(p).
-7
Suppose 11*r + 94 = -36*r. Let n(s) = -10*s**2 + s - 2. Determine n(r).
-44
Let w(v) = 8*v + 75. Let m be w(-10). Let x(a) = a + 1. Give x(m).
-4
Let q(v) be the first derivative of 0*v + 5*v**2 + 40 - 1/3*v**3. Determine q(10).
0
Let d = 34 + -27. Let c(i) = i + 1. Let f be c(d). Let s(a) = 20*a**2 - 11*a**2 + 16*a**3 - f*a**2. Give s(1).
17
Let w(k) = 16 - 13 + 31 + k**2 - 13*k - 11. Let i be w(11). Let u(y) be the second derivative of y**4/2 + y. Calculate u(i).
6
Let t(r) = r**3 - r**2 + 1. Suppose -3*m + 3*v = 0, -4*m + v = -5*m. Give t(m).
1
Let q = -292 - -287. Let d(u) be the second derivative of -3*u**3/2 - 29*u**2/2 + 4*u. Let w(s) = 4*s + 14. Let z(i) = 3*d(i) + 7*w(i). Determine z(q).
6
Suppose 0 = 5*t - 2*l - 35, 295*t - 4*l = 294*t + 25. Let u(h) be the first derivative of -2*h + t + 0*h**2 + 4/3*h**3. Calculate u(2).
14
Suppose -80 = 15*z + 5*z. Let i(d) = d**2 + 2*d - 12. Give i(z).
-4
Let y be -1*(3 + -2)*12. Let d be (y/(-8))/(3/(-4)). Let u(j) = 2*j**2 - 3*j**2 - 1 - 3*j - 2*j**2 + 0*j**2. Give u(d).
-7
Let k(v) = -2*v + 23. Let y(u) = -4*u + 45. Let j(x) = -7*k(x) + 4*y(x). Let p be j(7). Let r(n) = n**2 - 4*n + 4. What is r(p)?
9
Let d(m) = -5*m**3 + 10*m**2 + 6*m. Let f(c) = 3*c**3 - 5*c**2 - 3*c. Let o(y) = -4*d(y) - 7*f(y). Suppose 4*u + 5*n = -0*u - 7, u + 5*n - 2 = 0. What is o(u)?
-9
Let u(b) = -b - 4. Let p(i) = -i**2 - 6*i + 21. Let o be p(-9). What is u(o)?
2
Suppose -5*s + 10*s - 130 = 0. Let q = -36 + s. Let u be 2/(-4) + 5/q. Let r(c) = 2*c**3 + c. Give r(u).
-3
Let w = 12 + -18. Let j(x) = -x**2 + 6*x + 10. Let t = -89 - -91. Let c(f) = 4*f**2 - 18*f - 31. Let n(v) = t*c(v) + 7*j(v). Determine n(w).
8
Let n be (-1 - -2) + 1/1. Let w = -7 + 2. Let i(p) = 5*p**3 - 5*p**2 - 6*p - 6. Let z(t) = 4*t**3 - 4*t**2 - 5*t - 5. Let l(q) = w*i(q) + 6*z(q). Give l(n).
-4
Let g(k) be the first derivative of k**5/20 + k**4/2 + k**3/6 - k**2/2 + 14*k - 13. Let o(f) be the first derivative of g(f). Determine o(-6).
-7
Let b(m) = m**3 - 113 - 3*m**2 - 106 - 7*m**2 + 216 + 2*m. What is b(10)?
17
Let x be -1 - (0 - -1)*1. Let n = x - -3. Let o(f) be the second derivative of -f**5/5 - f**4/12 + f**3/3 - f**2/2 - 16*f. What is o(n)?
-4
Let h be 24/15*(-25)/(-10). Let r(w) = -5*w**2 - 10*w - 9. Let n(q) = -9*q**2 - 19*q - 17. Let z(i) = -6*n(i) + 11*r(i). Determine z(h).
3
Let x(c) = -4 - 13*c - 2*c + c**2 + 9*c + 0*c. Let n = 11 - 6. Calculate x(n).
-9
Let w(k) = -36*k - 4 - 7 + 21*k - 2*k**2 + 3 + 3*k**2. Give w(11).
-52
Let v(d) = -d**3 + d**2 + d. Let k(r) = 8*r**3 - 4*r**2 - 2*r + 3. Let t(y) = -k(y) - 6*v(y). Calculate t(-2).
13
Let a(d) = d**2 + d + 3. Let u(n) = n**2 - 6*n + 4. Let z be u(6). Let m be 1/z*-1*0. What is a(m)?
3
Let g(t) = -t**2 + 10*t - 4. Let j be (-18)/81 + 7/((-126)/(-184)). What is g(j)?
-4
Let p(v) = -2*v + 3. Let z = -9 - -8. Let m be (14/(-6))/(z/3). Let d = 12 - m. What is p(d)?
-7
Let t(l) = 4*l**3 + 19*l - 2*l**2 - 7*l - 13*l - 7 + 7*l**3. Let z(r) = 5*r**3 - r**2 - r - 4. Let c(u) = 3*t(u) - 5*z(u). What is c(1)?
8
Let j(r) = 2*r - 9. Suppose -3*o - 5*n = -46, 4*o - 7*o + 4*n = -1. What is j(o)?
5
Let i(c) = -c**3 + 4*c**2 + 6*c. Let k(z) = -z**3 - 5*z**2 + 2*z**3 - 1 - z + 5*z**3 - 4*z**3. Let t be k(3). What is i(t)?
5
Let w(h) be the second derivative of h**4/12 + h**3/6 - h**2 + 85*h. Let p be ((-12)/(-15))/(2/(-5)). Let r = 2 + p. Calculate w(r).
-2
Let d(w) = -w**2 - 1. Let y(o) = 0*o**2 + 10 - 6 - 2 + 2*o**2. Suppose -3*u + 16 - 3 = 2*q, 3*u - 5*q = -22. Let k(x) = u*d(x) + y(x). What is k(0)?
1
Let v(o) = 46*o**3 + o**2 + 2*o + 2. Let x = -1427 - -1426. Determine v(x).
-45
Let u(j) = -2*j - 1. Suppose -3*f = 16 - 7, 5*y = -4*f + 13. Suppose -6 = r + y*c, -3*c - c = 0. Give u(r).
11
Suppose 0*h - 8*h - 40 = 0. Let d(f) = f. Give d(h).
-5
Let x(a) = -a + 4. Let u = 36 + -49. Let k be x(u). Let z(w) = 1 + 6 + k*w - 8*w - 7*w. Determine z(-6).
-5
Let o be ((-8)/5)/((-6)/30). Let c = o + -6. Suppose -r + 4*y + 3 = 0, c*y = -5*r + 5*y - 2. Let t(x) = -8*x**2 + 1. Calculate t(r).
-7
Suppose 0 = -5*q - 4*m - 39, -8*q - 3*m = -6*q + 17. Let g(y) = y**3 + 6*y**2 - 5*y - 2. Determine g(q).
-16
Let i(k) = k**3 + 6*k**2 + 2*k + 4. Let j = 46 + -16. Let f be (16/(-6))/(j/(-45)). Let x be 3/f*(-160)/20. What is i(x)?
-8
Let f(y) be the second derivative of -1/10*y**5 - 3/2*y**2 + 0 - 1/3*y**3 + 24*y - 1/6*y**4. Suppose -q = -4*q + u - 9, -5*u = 2*q - 11. Give f(q).
9
Let h = -5 - -7. Let k(i) = 3*i - 17. Let v(t) = 3*t - 13. Let n(a) = 3*k(a) - 4*v(a). Calculate n(h).
-5
Let r(x) = -x**2 - 7*x + 5. Let g = 182 + -191. Calculate r(g).
-13
Let u(p) be the third derivative of 0*p**3 - 1/360*p**6 + 0*p - 2*p**2 + 7/24*p**4 + 0 - 1/24*p**5. Let h(d) be the second derivative of u(d). Give h(-4).
3
Let y(v) = v**2 - 5*v - 6. Let k = -153 + 159. Determine y(k).
0
Let q(s) = -s**2 + s - 20. Suppose -16*z = -12*z. Give q(z).
-20
Let z(h) = h**3 - 11*h**2 + 16*h - 58. Let b be z(10). Let c(m) = -3*m**2 - m + 2. Determine c(b).
-12
Suppose 4*b - 8*b = -16. Let d = -1 + b. Suppose 11 = 5*z - r - 6, -4*r = -d*z. Let t(p) = -p + 4. Give t(z).
0
Let n(u) = -u + 1. Let t(a) = 7*a. Let b(c) = c + 1. Let f(w) = -2*b(w) + t(w). Let p(r) = f(r) + 6*n(r). Suppose 0 = -33*k + 16 + 50. Determine p(k).
2
Let b(w) = 7*w - 7 - 3*w - 10*w + 5*w. What is b(-5)?
-2
Let o(r) = -r**2 - 5*r + 16. Suppose y - 3*n = 2, 2*y = -y + n - 18. Determine o(y).
2
Let c = -111 + 126. Suppose -9 = 2*d + c. Let t(l) = -l - 6. Give t(d).
6
Let a(w) = w**3 + 5*w**2 - 8*w + 3. Let j(z) = 2*z**3 + 10*z**2 - 17*z + 6. Let t(o) = 7*a(o) - 3*j(o). Let s be 5*98/70*(-6)/7. Give t(s).
-3
Let j(c) = -c**3 + 2*c**2 + 6*c - 4. Suppose 12 = -2*k - 2. Let a be -1*(-6 - (5 + k)). Determine j(a).
-12
Let t(g) be the third derivative of g**6/10 - g**5/20 + g**3/6 - 701*g**2. Calculate t(1).
10
Le